{"id":640,"date":"2025-12-10T22:52:19","date_gmt":"2025-12-10T21:52:19","guid":{"rendered":"https:\/\/shop.was-essen-bei-krebs.de\/?post_type=product&#038;p=640"},"modified":"2026-01-07T08:52:51","modified_gmt":"2026-01-07T07:52:51","slug":"handbuch-was-essen-bei-krebs","status":"publish","type":"product","link":"https:\/\/shop.was-essen-bei-krebs.de\/?product=handbuch-was-essen-bei-krebs","title":{"rendered":"Pdf Workbook &#8211; Was essen bei Krebs?"},"content":{"rendered":"<h2 data-start=\"288\" data-end=\"393\"><strong data-start=\"288\" data-end=\"342\">\u270d\ufe0f Was essen bei Krebs \u2013 Worauf es wirklich ankommt<br \/>\n<\/strong><em><strong data-start=\"345\" data-end=\"393\">Digitales Workbook f\u00fcr deinen Weg durch die Erkrankung<\/strong><\/em><\/h2>\n<p data-start=\"395\" data-end=\"728\">Dieses Workbook zum Download begleitet dich Schritt f\u00fcr Schritt durch die Zeit der Erkrankung \u2013 mit verst\u00e4ndlichen, evidenzbasierten Informationen und vielen praktischen \u00dcbungen. Es hilft dir, Orientierung zu finden, wichtige Entscheidungen sicherer zu treffen und deine Ern\u00e4hrung im Alltag so zu gestalten, dass sie entlastet statt belastet.<\/p>\n<p data-start=\"730\" data-end=\"923\">Du erf\u00e4hrst, worauf es bei der Ern\u00e4hrung w\u00e4hrend einer Krebserkrankung wirklich ankommt, welche Empfehlungen gut belegt sind \u2013 und wie du das Gelernte direkt in deinen Alltag \u00fcbertragen kannst.<\/p>\n<p data-start=\"730\" data-end=\"923\"><em>Hinweis: Du erh\u00e4ltst das Workbook als Pdf-Datei und kannst es entweder digital ausf\u00fcllen oder selbst ausdrucken.\u00a0<\/em><\/p>\n<hr data-start=\"925\" data-end=\"928\" \/>\n<h2 data-start=\"930\" data-end=\"966\"><strong data-start=\"933\" data-end=\"966\">\ud83c\udfaf Das erwartet dich im Workbook<\/strong><\/h2>\n<h3 data-start=\"968\" data-end=\"1028\">\u2714\ufe0f <em data-start=\"975\" data-end=\"1026\">Evidenzbasierte Grundlagen \u2013 verst\u00e4ndlich erkl\u00e4rt<\/em><\/h3>\n<ul data-start=\"1029\" data-end=\"1246\">\n<li data-start=\"1029\" data-end=\"1087\">\n<p data-start=\"1031\" data-end=\"1087\">Was bedeutet \u201egesunde Ern\u00e4hrung\u201c w\u00e4hrend der Therapie?<\/p>\n<\/li>\n<li data-start=\"1088\" data-end=\"1146\">\n<p data-start=\"1090\" data-end=\"1146\">Was kann Ern\u00e4hrung bei Krebs bewirken \u2013 und was nicht?<\/p>\n<\/li>\n<li data-start=\"1147\" data-end=\"1196\">\n<p data-start=\"1149\" data-end=\"1196\">Warum dein K\u00f6rper jetzt mehr Energie braucht.<\/p>\n<\/li>\n<li data-start=\"1197\" data-end=\"1246\">\n<p data-start=\"1199\" data-end=\"1246\">H\u00e4ufige Mythen (z. B. Zucker) klar eingeordnet.<\/p>\n<\/li>\n<\/ul>\n<h3 data-start=\"1248\" data-end=\"1296\">\u2714\ufe0f <em data-start=\"1255\" data-end=\"1294\">Klare Ziele, die dir im Alltag helfen<\/em><\/h3>\n<ul data-start=\"1297\" data-end=\"1525\">\n<li data-start=\"1297\" data-end=\"1334\">\n<p data-start=\"1299\" data-end=\"1334\"><strong data-start=\"1299\" data-end=\"1310\">Ziel 1:<\/strong> Gewicht stabil halten<\/p>\n<\/li>\n<li data-start=\"1335\" data-end=\"1432\">\n<p data-start=\"1337\" data-end=\"1369\"><strong data-start=\"1337\" data-end=\"1348\">Ziel 2:<\/strong> Genug Eiwei\u00df essen<\/p>\n<ul data-start=\"1372\" data-end=\"1432\">\n<li data-start=\"1372\" data-end=\"1432\">\n<p data-start=\"1374\" data-end=\"1432\">mit praktischen Tipps zu Fleisch, Milch &amp; Milchprodukten<\/p>\n<\/li>\n<\/ul>\n<\/li>\n<li data-start=\"1433\" data-end=\"1468\">\n<p data-start=\"1435\" data-end=\"1468\"><strong data-start=\"1435\" data-end=\"1446\">Ziel 3:<\/strong> Beschwerden lindern<\/p>\n<\/li>\n<li data-start=\"1469\" data-end=\"1525\">\n<p data-start=\"1471\" data-end=\"1525\"><strong data-start=\"1471\" data-end=\"1482\">Ziel 4:<\/strong> Wechselwirkungen mit Therapien vermeiden<\/p>\n<\/li>\n<\/ul>\n<h3 data-start=\"1527\" data-end=\"1579\">\u2714\ufe0f <em data-start=\"1534\" data-end=\"1577\">Praxisnahe Empfehlungen f\u00fcr deinen Alltag<\/em><\/h3>\n<ul data-start=\"1580\" data-end=\"1768\">\n<li data-start=\"1580\" data-end=\"1610\">\n<p data-start=\"1582\" data-end=\"1610\">Gut versorgt durch den Tag<\/p>\n<\/li>\n<li data-start=\"1611\" data-end=\"1670\">\n<p data-start=\"1613\" data-end=\"1670\">Angepasste Ern\u00e4hrung bei wenig Appetit oder Beschwerden<\/p>\n<\/li>\n<li data-start=\"1671\" data-end=\"1724\">\n<p data-start=\"1673\" data-end=\"1724\">Trinknahrung und Anreicherungspulver im \u00dcberblick<\/p>\n<\/li>\n<li data-start=\"1725\" data-end=\"1768\">\n<p data-start=\"1727\" data-end=\"1768\">K\u00fcchenhygiene \u2013 worauf du achten solltest<\/p>\n<\/li>\n<\/ul>\n<h3 data-start=\"1770\" data-end=\"1824\">\u2714\ufe0f <em data-start=\"1777\" data-end=\"1822\">Aufgaben, Reflexionen und konkrete Schritte<\/em><\/h3>\n<p data-start=\"1825\" data-end=\"2035\">Dieses Workbook ist mehr als ein Informationsheft:<br data-start=\"1875\" data-end=\"1878\" \/>Es enth\u00e4lt viele \u00dcbungen, Reflexionsfragen und kleine Aufgaben, die dir helfen, das Gelernte auf deine Situation anzupassen und deinen eigenen Weg zu finden.<\/p>\n<h3 data-start=\"2037\" data-end=\"2083\">\u2714\ufe0f <em data-start=\"2044\" data-end=\"2081\">Hilfreiche Adressen &amp; Unterst\u00fctzung<\/em><\/h3>\n<ul data-start=\"2084\" data-end=\"2158\">\n<li data-start=\"2084\" data-end=\"2107\">\n<p data-start=\"2086\" data-end=\"2107\">Wo finde ich Hilfe?<\/p>\n<\/li>\n<li data-start=\"2108\" data-end=\"2158\">\n<p data-start=\"2110\" data-end=\"2158\">Welche Angebote gibt es bei was-essen-bei-krebs.de?<\/p>\n<\/li>\n<\/ul>\n<hr data-start=\"2160\" data-end=\"2163\" \/>\n<h2 data-start=\"2165\" data-end=\"2207\"><strong data-start=\"2168\" data-end=\"2205\">\ud83e\udd1d F\u00fcr wen ist das Workbook gedacht?<\/strong><\/h2>\n<p data-start=\"2208\" data-end=\"2396\">F\u00fcr alle, die w\u00e4hrend einer Krebserkrankung <strong data-start=\"2252\" data-end=\"2274\">klare Orientierung<\/strong>, <strong data-start=\"2276\" data-end=\"2304\">praktische Unterst\u00fctzung<\/strong> und <strong data-start=\"2309\" data-end=\"2333\">sichere Empfehlungen<\/strong> zur Ern\u00e4hrung suchen \u2013 ob f\u00fcr sich selbst oder als Angeh\u00f6rige.<\/p>\n<hr data-start=\"2398\" data-end=\"2401\" \/>\n<h2 data-start=\"2403\" data-end=\"2418\"><strong data-start=\"2406\" data-end=\"2416\">\ud83d\udce5 Format<\/strong><\/h2>\n<p data-start=\"2419\" data-end=\"2451\">PDF-Download zum digital Ausf\u00fcllen oder selbst Ausdrucken \u2013 sofort verf\u00fcgbar.<\/p>\n","protected":false},"excerpt":{"rendered":"<p>Ein praktisches Workbook mit \u00dcbungen, Aufgaben und alltagsnahen Schritten, das dich w\u00e4hrend der Erkrankung begleitet und unterst\u00fctzt.<\/p>\n","protected":false},"featured_media":714,"template":"","meta":[],"product_brand":[],"product_cat":[15],"product_tag":[],"class_list":{"0":"post-640","1":"product","2":"type-product","3":"status-publish","4":"has-post-thumbnail","6":"product_cat-unkategorisiert","8":"first","9":"instock","10":"downloadable","11":"virtual","12":"sold-individually","13":"purchasable","14":"product-type-simple"},"_links":{"self":[{"href":"https:\/\/shop.was-essen-bei-krebs.de\/index.php?rest_route=\/wp\/v2\/product\/640","targetHints":{"allow":["GET"]}}],"collection":[{"href":"https:\/\/shop.was-essen-bei-krebs.de\/index.php?rest_route=\/wp\/v2\/product"}],"about":[{"href":"https:\/\/shop.was-essen-bei-krebs.de\/index.php?rest_route=\/wp\/v2\/types\/product"}],"wp:featuredmedia":[{"embeddable":true,"href":"https:\/\/shop.was-essen-bei-krebs.de\/index.php?rest_route=\/wp\/v2\/media\/714"}],"wp:attachment":[{"href":"https:\/\/shop.was-essen-bei-krebs.de\/index.php?rest_route=%2Fwp%2Fv2%2Fmedia&parent=640"}],"wp:term":[{"taxonomy":"product_brand","embeddable":true,"href":"https:\/\/shop.was-essen-bei-krebs.de\/index.php?rest_route=%2Fwp%2Fv2%2Fproduct_brand&post=640"},{"taxonomy":"product_cat","embeddable":true,"href":"https:\/\/shop.was-essen-bei-krebs.de\/index.php?rest_route=%2Fwp%2Fv2%2Fproduct_cat&post=640"},{"taxonomy":"product_tag","embeddable":true,"href":"https:\/\/shop.was-essen-bei-krebs.de\/index.php?rest_route=%2Fwp%2Fv2%2Fproduct_tag&post=640"}],"curies":[{"name":"wp","href":"https:\/\/api.w.org\/{rel}","templated":true}]}}