{"id":1057,"date":"2026-03-25T14:23:30","date_gmt":"2026-03-25T13:23:30","guid":{"rendered":"https:\/\/shop.was-essen-bei-krebs.de\/?post_type=product&#038;p=1057"},"modified":"2026-04-01T18:39:55","modified_gmt":"2026-04-01T16:39:55","slug":"video-fortbildung-ernaehrungstherapie-in-der-palliativmedizin","status":"publish","type":"product","link":"https:\/\/shop.was-essen-bei-krebs.de\/?product=video-fortbildung-ernaehrungstherapie-in-der-palliativmedizin","title":{"rendered":"Video Fortbildung: Ern\u00e4hrungstherapie in der Palliativmedizin"},"content":{"rendered":"<p>Essen und Trinken ist ein Grundbed\u00fcrfnis von Menschen &#8211; auch mit einer palliativen Erkrankung. Es soll jedoch nicht zur Last werden und Beschwerden verursachen, sondern bestenfalls Genussmomente erm\u00f6glichen. Eine auf die individuellen Bed\u00fcrfnisse der erkrankten Menschen zugeschnittene Ern\u00e4hrungstherapie kann ern\u00e4hrungsabh\u00e4ngige Symptome lindern und die Lebensqualit\u00e4t verbessern. Sie unterst\u00fctzt Menschen mit schweren Erkrankungen bis zum Schluss selbstbestimmt zu leben.<\/p>\n<p>In unserer Fortbildung zeigen wir, worauf es in der Ern\u00e4hrungstherapie bei palliativen Erkrankungen ankommt und Sie erfahren, wie Sie palliativ erkrankte Menschen rund um das Thema Essen und Trinken bis hin zur Mundsorge unterst\u00fctzen k\u00f6nnen.<\/p>\n<p><strong>Gesamtdauer der Fortbildung:<\/strong> 2 Stunden 20 Minuten (125 min Video + 15 min Lernkontrolle und eigenst\u00e4ndige Bearbeitung)<br \/>\n<strong>Kosten:<\/strong> 95 \u20ac, erm\u00e4\u00dfigte Kursgeb\u00fchr f\u00fcr Sch\u00fcler:innen und Student:innen: 25 \u20ac (bitte f\u00fcr die Erm\u00e4\u00dfigung vor der Bestellung kurze E-Mail an: <a href=\"mailto:fortbildung@was-essen-bei-krebs.de,\">fortbildung@was-essen-bei-krebs.de)<\/a><br \/>\n<strong>Format:<\/strong> Video (Aufzeichnung der Fortbildung) &#8211; Fragen zum Inhalt k\u00f6nnen per E-Mail gestellt werden<\/p>\n<h3>Zielgruppe<\/h3>\n<p>Alle, die beruflich mit palliativ erkrankten Menschen in Kontakt sind: qualifizierte Ern\u00e4hrungsfachkr\u00e4fte, Pflegekr\u00e4fte, \u00c4rzt:innen, Sport- und Bewegungsfachkr\u00e4fte, Psychoonkolog:innen, Apotheker:innen, Mitarbeitende in Beratungsstellen und andere medizinische Berufsgruppen.<\/p>\n<h3>Kursinhalte<\/h3>\n<ul>\n<li>Was hei\u00dft eigentlich palliativ und wo bzw. wie werden palliativ erkrankte Menschen versorgt?<\/li>\n<li>Welche Rolle spielt die Ern\u00e4hrungstherapie in den verschiedenen Phasen der palliativen Erkrankung? Anschaulich erl\u00e4utert an Fallbeispielen von der Vermeidung der Mangelern\u00e4hrung bei Diagnosestellung \u00fcber \u201eGenuss statt muss\u201c bis hin zur Mundsorge am Lebensende.<\/li>\n<li>Weiterbildungsm\u00f6glichkeiten und Informationen f\u00fcr interessierte Ern\u00e4hrungsfachkr\u00e4fte<\/li>\n<li>Arbeiten im multiprofessionellen Team zum Wohle des palliativ erkrankten Menschen.<\/li>\n<li>Symptomlinderung und Steigerung der Lebensqualit\u00e4t durch gezielte unterst\u00fctzende Ern\u00e4hrungstherapie erkl\u00e4rt an Beispielen aus der Klinik.<\/li>\n<li>Kurze Vorstellung der Sektion Ern\u00e4hrung der Deutschen Gesellschaft f\u00fcr Palliativmedizin DGP<\/li>\n<\/ul>\n<p>Bei Fragen schreiben Sie uns gerne an fortbildung@was-essen-bei-krebs.de.<\/p>\n<h3>Referentin<\/h3>\n<p><strong>Sabine G\u00f6tte<\/strong>,\u00a0zertifizierte Di\u00e4tassistentin VDD, Zusatzqualifikation Onkologie VDD, Palliative care f\u00fcr Ern\u00e4hrungsfachkr\u00e4fte DGP, Christliches Klinikum Paderborn, ehrenamtliche Hospiz- und Trauerbegleiterin, Alltagsbegleitung f\u00fcr Menschen mit Demenz, Mitarbeiterin in der Sektion Ern\u00e4hrung der DGP<\/p>\n<h3>Fortbildungspunkte<\/h3>\n<p><strong>Wichtig:<\/strong> Nach dem Video folgt eine Lernerfolgskontrolle. Von den gestellten Fragen zum Inhalt m\u00fcssen mindestens 80 % korrekt beantwortet sein. Dann erhalten Sie ein Teilnahmezertifikat. Diese Lernerfolgskontrolle ist bei vielen Verb\u00e4nden Voraussetzung f\u00fcr den Erhalt der Fortbildungspunkte. Von uns angedacht sind <strong>3 Fortbildungspunkte<\/strong>. Wie viele Punkte Sie genau erhalten, kann aber von Verband zu Verband variieren.<\/p>\n","protected":false},"excerpt":{"rendered":"<p>Fortbildung Ern\u00e4hrungstherapie in der Palliativmedizin.<\/p>\n","protected":false},"featured_media":1045,"template":"","meta":[],"product_brand":[],"product_cat":[105],"product_tag":[],"class_list":{"0":"post-1057","1":"product","2":"type-product","3":"status-publish","4":"has-post-thumbnail","6":"product_cat-fortbildung","8":"first","9":"instock","10":"virtual","11":"sold-individually","12":"purchasable","13":"product-type-course"},"_links":{"self":[{"href":"https:\/\/shop.was-essen-bei-krebs.de\/index.php?rest_route=\/wp\/v2\/product\/1057","targetHints":{"allow":["GET"]}}],"collection":[{"href":"https:\/\/shop.was-essen-bei-krebs.de\/index.php?rest_route=\/wp\/v2\/product"}],"about":[{"href":"https:\/\/shop.was-essen-bei-krebs.de\/index.php?rest_route=\/wp\/v2\/types\/product"}],"wp:featuredmedia":[{"embeddable":true,"href":"https:\/\/shop.was-essen-bei-krebs.de\/index.php?rest_route=\/wp\/v2\/media\/1045"}],"wp:attachment":[{"href":"https:\/\/shop.was-essen-bei-krebs.de\/index.php?rest_route=%2Fwp%2Fv2%2Fmedia&parent=1057"}],"wp:term":[{"taxonomy":"product_brand","embeddable":true,"href":"https:\/\/shop.was-essen-bei-krebs.de\/index.php?rest_route=%2Fwp%2Fv2%2Fproduct_brand&post=1057"},{"taxonomy":"product_cat","embeddable":true,"href":"https:\/\/shop.was-essen-bei-krebs.de\/index.php?rest_route=%2Fwp%2Fv2%2Fproduct_cat&post=1057"},{"taxonomy":"product_tag","embeddable":true,"href":"https:\/\/shop.was-essen-bei-krebs.de\/index.php?rest_route=%2Fwp%2Fv2%2Fproduct_tag&post=1057"}],"curies":[{"name":"wp","href":"https:\/\/api.w.org\/{rel}","templated":true}]}}